{"id":22350,"date":"2025-10-14T14:17:46","date_gmt":"2025-10-14T14:17:46","guid":{"rendered":"http:\/\/pikatek.local\/?page_id=22350"},"modified":"2025-10-16T04:38:30","modified_gmt":"2025-10-16T04:38:30","slug":"uber-uns","status":"publish","type":"page","link":"https:\/\/pika-tek.com\/v3\/de\/uber-uns\/","title":{"rendered":"\u00dcber uns"},"content":{"rendered":"\t\t<div data-elementor-type=\"wp-page\" data-elementor-id=\"22350\" class=\"elementor elementor-22350\">\n\t\t\t\t<div class=\"elementor-element elementor-element-756e8cb5 e-con-full e-flex e-con e-parent\" data-id=\"756e8cb5\" data-element_type=\"container\" data-e-type=\"container\" data-settings=\"{&quot;background_background&quot;:&quot;classic&quot;,&quot;shape_divider_bottom&quot;:&quot;curve&quot;,&quot;shape_divider_bottom_negative&quot;:&quot;yes&quot;}\">\n\t\t\t\t<div class=\"elementor-shape elementor-shape-bottom\" aria-hidden=\"true\" data-negative=\"true\">\n\t\t\t<svg xmlns=\"http:\/\/www.w3.org\/2000\/svg\" viewBox=\"0 0 1000 100\" preserveAspectRatio=\"none\">\n\t<path class=\"elementor-shape-fill\" d=\"M500,97C126.7,96.3,0.8,19.8,0,0v100l1000,0V1C1000,19.4,873.3,97.8,500,97z\"\/>\n<\/svg>\t\t<\/div>\n\t\t<div class=\"elementor-element elementor-element-4a36eff0 e-con-full e-flex e-con e-child\" data-id=\"4a36eff0\" data-element_type=\"container\" data-e-type=\"container\">\n\t\t\t\t<div class=\"elementor-element elementor-element-239667aa animated-fast elementor-widget__width-initial elementor-invisible elementor-widget elementor-widget-elementskit-heading\" data-id=\"239667aa\" data-element_type=\"widget\" data-e-type=\"widget\" data-settings=\"{&quot;ekit_we_effect_on&quot;:&quot;css&quot;,&quot;_animation&quot;:&quot;fadeIn&quot;,&quot;_animation_delay&quot;:100}\" data-widget_type=\"elementskit-heading.default\">\n\t\t\t\t<div class=\"elementor-widget-container\">\n\t\t\t\t\t<div class=\"ekit-wid-con\" ><div class=\"ekit-heading elementskit-section-title-wraper text_center   ekit_heading_tablet-   ekit_heading_mobile-\"><h1 class=\"ekit-heading--title elementskit-section-title \">Lernen Sie uns kennen<\/h1>\t\t\t\t<div class='ekit-heading__description'>\n\t\t\t\t\t<p>Mit Leidenschaft f\u00fcr Technologie und dem Anspruch an h\u00f6chste Qualit\u00e4t unterst\u00fctzen wir Unternehmen dabei, im digitalen Zeitalter erfolgreich zu wachsen.<\/p>\n\t\t\t\t<\/div>\n\t\t\t<\/div><\/div>\t\t\t\t<\/div>\n\t\t\t\t<\/div>\n\t\t\t\t<\/div>\n\t\t\t\t<\/div>\n\t\t<div class=\"elementor-element elementor-element-59c66532 e-flex e-con-boxed e-con e-parent\" data-id=\"59c66532\" data-element_type=\"container\" data-e-type=\"container\">\n\t\t\t\t\t<div class=\"e-con-inner\">\n\t\t<div class=\"elementor-element elementor-element-69f4ec77 e-con-full animated-fast e-flex elementor-invisible e-con e-child\" data-id=\"69f4ec77\" data-element_type=\"container\" data-e-type=\"container\" data-settings=\"{&quot;background_background&quot;:&quot;classic&quot;,&quot;animation&quot;:&quot;fadeInUp&quot;,&quot;animation_delay&quot;:100}\">\n\t\t<div class=\"elementor-element elementor-element-25568ab e-con-full e-flex e-con e-child\" data-id=\"25568ab\" data-element_type=\"container\" data-e-type=\"container\">\n\t\t\t\t<div class=\"elementor-element elementor-element-1854b23 animated-fast elementor-invisible elementor-widget elementor-widget-elementskit-heading\" data-id=\"1854b23\" data-element_type=\"widget\" data-e-type=\"widget\" data-settings=\"{&quot;_animation&quot;:&quot;fadeIn&quot;,&quot;_animation_delay&quot;:200,&quot;ekit_we_effect_on&quot;:&quot;none&quot;}\" data-widget_type=\"elementskit-heading.default\">\n\t\t\t\t<div class=\"elementor-widget-container\">\n\t\t\t\t\t<div class=\"ekit-wid-con\" ><div class=\"ekit-heading elementskit-section-title-wraper text_left   ekit_heading_tablet-   ekit_heading_mobile-\"><h6 class=\"elementskit-section-subtitle   ekit-heading__subtitle-has-border\">\n\t\t\t\t\t\tWas wir tun\n\t\t\t\t\t<\/h6><h2 class=\"ekit-heading--title elementskit-section-title \"><span><span>PIKATEK LLC<\/span><\/span><\/h2>\t\t\t\t<div class='ekit-heading__description'>\n\t\t\t\t\t<p>ist ein zukunftsorientiertes Technologieunternehmen, das sich auf innovative Softwarel\u00f6sungen, Unternehmensanwendungen und IT-Infrastrukturdienste spezialisiert hat. Mit einem starken Fokus auf kundenorientierte L\u00f6sungen nutzen wir moderne Technologien, um Gesch\u00e4ftsprozesse zu optimieren, die betriebliche Effizienz zu steigern und die digitale Transformation voranzutreiben.<\/p>\n\t\t\t\t<\/div>\n\t\t\t<\/div><\/div>\t\t\t\t<\/div>\n\t\t\t\t<\/div>\n\t\t\t\t<\/div>\n\t\t<div class=\"elementor-element elementor-element-1ddde270 e-con-full e-flex e-con e-child\" data-id=\"1ddde270\" data-element_type=\"container\" data-e-type=\"container\">\n\t\t\t\t<div class=\"elementor-element elementor-element-bb2be5b animated-fast elementor-invisible elementor-widget elementor-widget-elementskit-simple-tab\" data-id=\"bb2be5b\" data-element_type=\"widget\" data-e-type=\"widget\" data-settings=\"{&quot;_animation&quot;:&quot;fadeInUp&quot;,&quot;_animation_delay&quot;:200,&quot;ekit_we_effect_on&quot;:&quot;none&quot;}\" data-widget_type=\"elementskit-simple-tab.default\">\n\t\t\t\t<div class=\"elementor-widget-container\">\n\t\t\t\t\t<div class=\"ekit-wid-con\" >        <div class=\"elementkit-tab-wraper  \">\n            <ul class=\"nav nav-tabs elementkit-tab-nav  elementskit-fullwidth-tab\">\n                                    <li class=\"elementkit-nav-item elementor-repeater-item-7dd36af\">\n                        <a class=\"elementkit-nav-link  active show top-pos\" id=\"content-7dd36af69dfc29ec58ea-tab\" data-ekit-handler-id=\"mission\" data-ekit-toggle=\"tab\" data-target=\"#content-7dd36af69dfc29ec58ea\" href=\"#Content-7dd36af69dfc29ec58ea\"\n                            data-ekit-toggle-trigger=\"click\"\n                            aria-describedby=\"Content-7dd36af69dfc29ec58ea\">\n                                                        <span class=\"elementskit-tab-title\">Mission<\/span>\n                        <\/a>\n                    <\/li>\n                                        <li class=\"elementkit-nav-item elementor-repeater-item-c54bcd2\">\n                        <a class=\"elementkit-nav-link  top-pos\" id=\"content-c54bcd269dfc29ec58ea-tab\" data-ekit-handler-id=\"vision\" data-ekit-toggle=\"tab\" data-target=\"#content-c54bcd269dfc29ec58ea\" href=\"#Content-c54bcd269dfc29ec58ea\"\n                            data-ekit-toggle-trigger=\"click\"\n                            aria-describedby=\"Content-c54bcd269dfc29ec58ea\">\n                                                        <span class=\"elementskit-tab-title\">Vision<\/span>\n                        <\/a>\n                    <\/li>\n                                        <li class=\"elementkit-nav-item elementor-repeater-item-a8aada2\">\n                        <a class=\"elementkit-nav-link  top-pos\" id=\"content-a8aada269dfc29ec58ea-tab\" data-ekit-handler-id=\"unsere-werte\" data-ekit-toggle=\"tab\" data-target=\"#content-a8aada269dfc29ec58ea\" href=\"#Content-a8aada269dfc29ec58ea\"\n                            data-ekit-toggle-trigger=\"click\"\n                            aria-describedby=\"Content-a8aada269dfc29ec58ea\">\n                                                        <span class=\"elementskit-tab-title\">Unsere Werte<\/span>\n                        <\/a>\n                    <\/li>\n                                <\/ul>\n\n            <div class=\"tab-content elementkit-tab-content\">\n                                    <div class=\"tab-pane elementkit-tab-pane elementor-repeater-item-7dd36af  active show\" id=\"content-7dd36af69dfc29ec58ea\" role=\"tabpanel\"\n                         aria-labelledby=\"content-7dd36af69dfc29ec58ea-tab\">\n                        <div class=\"animated fadeIn\">\n                            <p>Unsere Mission ist es, Unternehmen mit skalierbaren und sicheren Technologiel\u00f6sungen zu st\u00e4rken, die Abl\u00e4ufe optimieren, die Produktivit\u00e4t steigern und nachhaltiges Wachstum f\u00f6rdern. Wir setzen alles daran, ma\u00dfgeschneiderte L\u00f6sungen zu entwickeln, die den individuellen Anforderungen unserer Kunden in verschiedenen Branchen gerecht werden.<\/p>                        <\/div>\n                    <\/div>\n                                    <div class=\"tab-pane elementkit-tab-pane elementor-repeater-item-c54bcd2 \" id=\"content-c54bcd269dfc29ec58ea\" role=\"tabpanel\"\n                         aria-labelledby=\"content-c54bcd269dfc29ec58ea-tab\">\n                        <div class=\"animated fadeIn\">\n                            <p>Im Mittelpunkt unserer Vision steht eine Zukunft, in der Unternehmen die Kraft der Technologie nutzen, um Au\u00dfergew\u00f6hnliches zu erreichen. Wir sehen eine Welt vor uns, in der jeder Unternehmer, jedes Start-up und jedes Unternehmen Zugang zu modernen, fortschrittlichen Tools hat.<\/p>                        <\/div>\n                    <\/div>\n                                    <div class=\"tab-pane elementkit-tab-pane elementor-repeater-item-a8aada2 \" id=\"content-a8aada269dfc29ec58ea\" role=\"tabpanel\"\n                         aria-labelledby=\"content-a8aada269dfc29ec58ea-tab\">\n                        <div class=\"animated fadeIn\">\n                            <p>Wir wahren die h\u00f6chsten ethischen Standards und gew\u00e4hrleisten Transparenz, Ehrlichkeit und Vertrauen in all unseren Interaktionen. Innovation treibt unsere Kreativit\u00e4t an, motiviert uns, neue Horizonte zu erkunden, und erm\u00f6glicht die Entwicklung wegweisender L\u00f6sungen.<\/p>                        <\/div>\n                    <\/div>\n                                \n            <\/div>\n                    <\/div>\n    <\/div>\t\t\t\t<\/div>\n\t\t\t\t<\/div>\n\t\t\t\t<\/div>\n\t\t\t\t<\/div>\n\t\t\t\t\t<\/div>\n\t\t\t\t<\/div>\n\t\t<div class=\"elementor-element elementor-element-03ec334 e-flex e-con-boxed e-con e-parent\" data-id=\"03ec334\" data-element_type=\"container\" data-e-type=\"container\">\n\t\t\t\t\t<div class=\"e-con-inner\">\n\t\t<div class=\"elementor-element elementor-element-3b5e527 e-con-full e-flex e-con e-child\" data-id=\"3b5e527\" data-element_type=\"container\" data-e-type=\"container\">\n\t\t<div class=\"elementor-element elementor-element-9a6db37 e-con-full e-flex e-con e-child\" data-id=\"9a6db37\" data-element_type=\"container\" data-e-type=\"container\">\n\t\t\t\t<div class=\"elementor-element elementor-element-ab87521 animated-fast elementor-widget__width-inherit elementor-invisible elementor-widget elementor-widget-elementskit-heading\" data-id=\"ab87521\" data-element_type=\"widget\" data-e-type=\"widget\" data-settings=\"{&quot;_animation&quot;:&quot;fadeIn&quot;,&quot;_animation_delay&quot;:100,&quot;ekit_we_effect_on&quot;:&quot;none&quot;}\" data-widget_type=\"elementskit-heading.default\">\n\t\t\t\t<div class=\"elementor-widget-container\">\n\t\t\t\t\t<div class=\"ekit-wid-con\" ><div class=\"ekit-heading elementskit-section-title-wraper text_left   ekit_heading_tablet-   ekit_heading_mobile-\"><h6 class=\"elementskit-section-subtitle   ekit-heading__subtitle-has-border\">\n\t\t\t\t\t\tDienstleistungen und L\u00f6sungen\n\t\t\t\t\t<\/h6><h2 class=\"ekit-heading--title elementskit-section-title \">Wir begleiten Sie <br> beim Wachstum <span><span>in jeder Phase<\/span><\/span><\/h2>\t\t\t\t<div class='ekit-heading__description'>\n\t\t\t\t\t<p>Wir bleiben technologischen Entwicklungen einen Schritt voraus, um moderne L\u00f6sungen zu liefern.<\/p>\n\t\t\t\t<\/div>\n\t\t\t<\/div><\/div>\t\t\t\t<\/div>\n\t\t\t\t<\/div>\n\t\t<div class=\"elementor-element elementor-element-90aa294 e-con-full e-flex e-con e-child\" data-id=\"90aa294\" data-element_type=\"container\" data-e-type=\"container\">\n\t\t<div class=\"elementor-element elementor-element-daf9a9c e-con-full e-flex e-con e-child\" data-id=\"daf9a9c\" data-element_type=\"container\" data-e-type=\"container\">\n\t\t\t\t<div class=\"elementor-element elementor-element-3ec368e animated-fast ekit-equal-height-disable elementor-invisible elementor-widget elementor-widget-elementskit-icon-box\" data-id=\"3ec368e\" data-element_type=\"widget\" data-e-type=\"widget\" data-settings=\"{&quot;_animation&quot;:&quot;fadeInUp&quot;,&quot;_animation_delay&quot;:100,&quot;ekit_we_effect_on&quot;:&quot;none&quot;}\" data-widget_type=\"elementskit-icon-box.default\">\n\t\t\t\t<div class=\"elementor-widget-container\">\n\t\t\t\t\t<div class=\"ekit-wid-con\" >        <!-- link opening -->\n                <a href=\"#\" class=\"ekit_global_links\">\n                <!-- end link opening -->\n\n        <div class=\"elementskit-infobox text-left text-left icon-top-align elementor-animation-   \">\n                    <div class=\"elementskit-box-header elementor-animation-\">\n                <div class=\"elementskit-info-box-icon  \">\n                    <i aria-hidden=\"true\" class=\"elementkit-infobox-icon icon icon-calendar2\"><\/i>\n                <\/div>\n          <\/div>\n                        <div class=\"box-body\">\n                            <h5 class=\"elementskit-info-box-title\">\n                    Solide Planung                <\/h5>\n                        \t\t  \t<p>Erhalten Sie erstklassige Unterst\u00fctzung von unserem Team.<\/p>\n                                <\/div>\n        \n        \n                <\/div>\n                <\/a>\n        <\/div>\t\t\t\t<\/div>\n\t\t\t\t<\/div>\n\t\t\t\t<\/div>\n\t\t<div class=\"elementor-element elementor-element-d26ed26 e-con-full e-flex e-con e-child\" data-id=\"d26ed26\" data-element_type=\"container\" data-e-type=\"container\">\n\t\t\t\t<div class=\"elementor-element elementor-element-56d8837 animated-fast ekit-equal-height-disable elementor-invisible elementor-widget elementor-widget-elementskit-icon-box\" data-id=\"56d8837\" data-element_type=\"widget\" data-e-type=\"widget\" data-settings=\"{&quot;_animation&quot;:&quot;fadeInUp&quot;,&quot;_animation_delay&quot;:200,&quot;ekit_we_effect_on&quot;:&quot;none&quot;}\" data-widget_type=\"elementskit-icon-box.default\">\n\t\t\t\t<div class=\"elementor-widget-container\">\n\t\t\t\t\t<div class=\"ekit-wid-con\" >        <!-- link opening -->\n                <a href=\"#\" class=\"ekit_global_links\">\n                <!-- end link opening -->\n\n        <div class=\"elementskit-infobox text-left text-left icon-top-align elementor-animation-   \">\n                    <div class=\"elementskit-box-header elementor-animation-\">\n                <div class=\"elementskit-info-box-icon  \">\n                    <i aria-hidden=\"true\" class=\"elementkit-infobox-icon icon icon-hand_shake\"><\/i>\n                <\/div>\n          <\/div>\n                        <div class=\"box-body\">\n                            <h5 class=\"elementskit-info-box-title\">\n                    Zusammenarbeitstools                <\/h5>\n                        \t\t  \t<p>Behalten Sie Ihre strategischen Ziele und Planungen an einem Ort.<\/p>\n                                <\/div>\n        \n        \n                <\/div>\n                <\/a>\n        <\/div>\t\t\t\t<\/div>\n\t\t\t\t<\/div>\n\t\t\t\t<\/div>\n\t\t\t\t<\/div>\n\t\t<div class=\"elementor-element elementor-element-a4d7784 e-flex e-con-boxed e-con e-child\" data-id=\"a4d7784\" data-element_type=\"container\" data-e-type=\"container\">\n\t\t\t\t\t<div class=\"e-con-inner\">\n\t\t<div class=\"elementor-element elementor-element-626e0f2 e-con-full e-flex e-con e-child\" data-id=\"626e0f2\" data-element_type=\"container\" data-e-type=\"container\">\n\t\t\t\t<div class=\"elementor-element elementor-element-b2a6fae animated-fast ekit-equal-height-disable elementor-invisible elementor-widget elementor-widget-elementskit-icon-box\" data-id=\"b2a6fae\" data-element_type=\"widget\" data-e-type=\"widget\" data-settings=\"{&quot;_animation&quot;:&quot;fadeInUp&quot;,&quot;_animation_delay&quot;:100,&quot;ekit_we_effect_on&quot;:&quot;none&quot;}\" data-widget_type=\"elementskit-icon-box.default\">\n\t\t\t\t<div class=\"elementor-widget-container\">\n\t\t\t\t\t<div class=\"ekit-wid-con\" >        <!-- link opening -->\n                <a href=\"#\" class=\"ekit_global_links\">\n                <!-- end link opening -->\n\n        <div class=\"elementskit-infobox text-left text-left icon-top-align elementor-animation-   \">\n                    <div class=\"elementskit-box-header elementor-animation-\">\n                <div class=\"elementskit-info-box-icon  \">\n                    <i aria-hidden=\"true\" class=\"elementkit-infobox-icon icon icon-shield11\"><\/i>\n                <\/div>\n          <\/div>\n                        <div class=\"box-body\">\n                            <h5 class=\"elementskit-info-box-title\">\n                    Datenschutz                <\/h5>\n                        \t\t  \t<p>Definieren Sie jede Phase, um Wichtiges zu erkennen.<\/p>\n                                <\/div>\n        \n        \n                <\/div>\n                <\/a>\n        <\/div>\t\t\t\t<\/div>\n\t\t\t\t<\/div>\n\t\t\t\t<\/div>\n\t\t<div class=\"elementor-element elementor-element-4629812 e-con-full e-flex e-con e-child\" data-id=\"4629812\" data-element_type=\"container\" data-e-type=\"container\">\n\t\t\t\t<\/div>\n\t\t\t\t\t<\/div>\n\t\t\t\t<\/div>\n\t\t\t\t<\/div>\n\t\t\t\t<\/div>\n\t\t\t\t\t<\/div>\n\t\t\t\t<\/div>\n\t\t\t\t<\/div>\n\t\t","protected":false},"excerpt":{"rendered":"<p>Lernen Sie uns kennen Mit Leidenschaft f\u00fcr Technologie und dem Anspruch an h\u00f6chste Qualit\u00e4t unterst\u00fctzen wir Unternehmen dabei, im digitalen Zeitalter erfolgreich zu wachsen. Was wir tun PIKATEK LLC ist ein zukunftsorientiertes Technologieunternehmen, das sich auf innovative Softwarel\u00f6sungen, Unternehmensanwendungen und IT-Infrastrukturdienste spezialisiert hat. Mit einem starken Fokus auf kundenorientierte L\u00f6sungen nutzen wir moderne Technologien, um [&hellip;]<\/p>\n","protected":false},"author":2,"featured_media":0,"parent":0,"menu_order":0,"comment_status":"closed","ping_status":"closed","template":"elementor_header_footer","meta":{"_eb_attr":"","footnotes":""},"class_list":["post-22350","page","type-page","status-publish","hentry"],"_links":{"self":[{"href":"https:\/\/pika-tek.com\/v3\/wp-json\/wp\/v2\/pages\/22350","targetHints":{"allow":["GET"]}}],"collection":[{"href":"https:\/\/pika-tek.com\/v3\/wp-json\/wp\/v2\/pages"}],"about":[{"href":"https:\/\/pika-tek.com\/v3\/wp-json\/wp\/v2\/types\/page"}],"author":[{"embeddable":true,"href":"https:\/\/pika-tek.com\/v3\/wp-json\/wp\/v2\/users\/2"}],"replies":[{"embeddable":true,"href":"https:\/\/pika-tek.com\/v3\/wp-json\/wp\/v2\/comments?post=22350"}],"version-history":[{"count":9,"href":"https:\/\/pika-tek.com\/v3\/wp-json\/wp\/v2\/pages\/22350\/revisions"}],"predecessor-version":[{"id":22680,"href":"https:\/\/pika-tek.com\/v3\/wp-json\/wp\/v2\/pages\/22350\/revisions\/22680"}],"wp:attachment":[{"href":"https:\/\/pika-tek.com\/v3\/wp-json\/wp\/v2\/media?parent=22350"}],"curies":[{"name":"wp","href":"https:\/\/api.w.org\/{rel}","templated":true}]}}